265. Let f = 1253 - 1245. What is the greatest common divisor of f and x?
8
Let o(s) = -s**2 + s + 45. Let i be o(-6). Suppose -45 + 53 = 2*l. What is the greatest common factor of i and l?
1
Let t = -2 - -12. Let k = t - 11. Let j be 1 - (k - 48) - 1. Calculate the highest common factor of 7 and j.
7
Suppose -2*u - 9*m + 7*m = -48, 0 = 4*u - 2*m - 78. Calculate the highest common divisor of u and 357.
21
Suppose 0 = -6*f + 5*f + 28. Let g = 4 - 11. Let v(b) = -3*b - 17. Let p be v(g). What is the greatest common factor of p and f?
4
Let g(f) = f + 14. Let k be g(7). Suppose 0 = -2*a - a + 6. Let d be (a - -1)/(3/7). Calculate the highest common divisor of d and k.
7
Suppose -4*u - 12 = 0, 2*u = 2*z + 38 + 8. Let k = z - -52. Let b(i) = -11*i - 5. Let q be b(-4). Calculate the greatest common divisor of k and q.
13
Let m be 1 - 18*(-24)/18. Let p be (-146)/(-30) + 12/90. Calculate the greatest common divisor of p and m.
5
Suppose -32*m = -40*m + 352. Suppose -33 + 253 = 2*b. Calculate the greatest common divisor of m and b.
22
Let p(d) = -d**2 - 13*d + 3. Let m be p(-9). Let o = -27 + m. Let h be 78/o + (-1)/(-2). What is the highest common divisor of h and 42?
7
Let l(y) = 33*y - 92. Let u be l(9). What is the highest common divisor of 41 and u?
41
Let v(g) = 11*g + 23. Let j be v(0). Let b = 36 - j. Calculate the greatest common factor of 143 and b.
13
Let f(x) be the second derivative of 3*x**5/20 - 7*x**4/3 + 3*x**3/2 + 9*x**2 + 16*x. Let w be f(9). What is the greatest common divisor of 81 and w?
9
Suppose 5*n + 3*y = 95, -3*y = -2*y - 5. Suppose 56 = -9*h + n*h. What is the highest common divisor of h and 72?
8
Suppose -34 = -7*b + 5*b. Let y = b + -12. What is the highest common divisor of 5 and y?
5
Suppose 0 = 4*u - 3 - 5. Suppose 16 = -4*l, -3*f + u*l = 3*l - 68. Let v = 17 - -43. What is the highest common factor of v and f?
12
Suppose 3*b + r - 150 = 0, -25*b = -22*b - 3*r - 150. Calculate the highest common factor of b and 70.
10
Suppose -290 = -3*v + 10. What is the greatest common factor of 20 and v?
20
Suppose -20*f = -13*f + 3850. Let d be (144/28)/(-3 - f/182). Calculate the highest common divisor of d and 18.
18
Let b = -22 - -24. Let o be (-1)/(-6) + (-77)/(-42). Suppose 2 = o*h - 2. Calculate the highest common divisor of h and b.
2
Suppose -11*t + 222 = -141. What is the highest common factor of 55 and t?
11
Let v = 113 - 8. Let r be (6*5)/(-3) + 1. Let c(p) = -6*p - 12. Let l be c(r). Calculate the greatest common factor of v and l.
21
Let j = 26 - 18. Let x be 3 + 2 - 24/j. Calculate the highest common divisor of x and 4.
2
Let w = 1729 - 1718. Let f = -683 + 1167. Suppose h + f = 5*h. What is the highest common divisor of h and w?
11
Suppose -4*s - 76 = -6*s + 4*d, 2*d - 106 = -3*s. Calculate the highest common factor of 8 and s.
4
Suppose 32*j = 33*j - 196. What is the highest common divisor of 49 and j?
49
Let s(m) = -8*m - 38. Let o be s(-5). Let j be ((-1)/2)/(1/(-2)). Let r be ((-2 - 6)/(-1))/j. Calculate the greatest common factor of o and r.
2
Suppose 899 = 56*c - 55*c. Calculate the highest common factor of 31 and c.
31
Let c(l) = l**3 - 2*l**2 - 3*l + 4. Let q be c(5). Let v = 1326 - 1230. Calculate the highest common divisor of v and q.
32
Let d be ((-12)/(-28))/(-1)*-7. Let p(a) = a + d*a + 3 + 4*a. Let h be p(3). Calculate the greatest common factor of h and 9.
9
Suppose 0 = 5*t - 129 - 36. Calculate the highest common factor of 57 and t.
3
Let w = 204 + -60. Suppose -6*d = -9*d + w. What is the highest common divisor of d and 6?
6
Suppose -4*j + 10*r - 5*r = -36, 45 = 5*j - 3*r. Calculate the greatest common factor of j and 387.
9
Suppose -65*l - 3232 + 130307 = 0. Calculate the highest common divisor of l and 46.
23
Let l be -2 - -3 - 1*-79. Suppose -16*n = -177 + 17. Calculate the greatest common divisor of l and n.
10
Suppose 560 = 70*t - 66*t. What is the highest common divisor of 100 and t?
20
Suppose -4*j = 3*r - 105, 4*j - 128 - 7 = 3*r. What is the greatest common factor of 12 and j?
6
Suppose 37*m + m - 190 = 0. Let n = 6 - -49. What is the greatest common divisor of n and m?
5
Let w = 453 + 240. Suppose 9*r = 6*r + w. Let t = 63 - 30. What is the highest common divisor of t and r?
33
Suppose 3*h + 4*k + 44 = 0, 4*h + 0*h + 4*k = -52. Let w = 36 - h. Suppose -f + 110 = -0*f. Calculate the highest common factor of w and f.
22
Let a(d) = -5*d - 10*d**2 + 8 + 8*d - 14*d - d**3. Let b be a(-9). What is the highest common factor of 234 and b?
26
Let x(q) = 5*q + 2. Let n be x(-6). Let k = -16 - n. Let o = 493 - 485. What is the highest common factor of o and k?
4
Let y(f) = -f**2 - 3*f + 5. Let r(n) = 3*n**2 + 10*n - 14. Let w(a) = -3*r(a) - 8*y(a). Let p be w(-6). Calculate the highest common divisor of p and 2.
2
Let x = -30 - -39. Suppose -4*o = -2*f + 16, 3*f = -2*o - 1 + x. Calculate the greatest common factor of f and 10.
2
Let n(z) = -281*z + 4 + 281*z + 11*z**3 - 3*z**2. Suppose 10*v - 10 = 5*v. Let k be n(v). Calculate the greatest common divisor of k and 32.
16
Let w = -352 - -383. What is the greatest common factor of w and 651?
31
Let p be (-2)/9 + (-18)/(-81). Suppose -2*u - 2*u = p. Suppose 4*d + s - 3 = u, -d + s = 3*s + 8. What is the greatest common factor of d and 2?
2
Suppose 0 = -4*i - i + 20. Suppose 3*k + 3*w = 81, -5*k + 78 = i*w - 62. Let p be 1 + (1 - -92) + 2. Calculate the highest common factor of p and k.
32
Let c be 15/(-6)*-4 + 0. Suppose d - 55 = -3*w, 5*d = 2*d + 4*w + 230. What is the highest common factor of d and c?
10
Suppose -5*a - 5*o = 450, 3*a + o + 260 = -0*a. Let b = a + 89. Let q = 74 + -30. Calculate the highest common factor of q and b.
4
Suppose -5*a - 12 = -7*a. Let v = 232 + -166. What is the highest common divisor of v and a?
6
Suppose 0 = 5*o - c - 72, -3*o + 5*c = 2*o - 60. Suppose 5*n - 255 = -2*y, -3*n + 177 = 2*y - 72. Calculate the highest common factor of o and y.
15
Let t(b) = -55*b**3 + b**2 + 2*b + 1. Let p be t(-1). Let h = -100 + 100. Suppose 2*w = h, 0*s - s - 5*w = -5. Calculate the greatest common divisor of s and p.
5
Let l(y) = 5*y - 48. Suppose -32 = -2*f + 4*d, 7*f - 2*f + 3*d - 41 = 0. Let z be l(f). Calculate the highest common divisor of 4 and z.
2
Let n = 100 + -23. Let x = -25 + n. What is the highest common divisor of x and 13?
13
Suppose -3*x + 225 = 5*d, 0*x + 5*d = 2*x - 125. Calculate the greatest common divisor of 112 and x.
14
Let t = 16 + -9. Let j(b) = -6*b - 7*b**2 - t*b - 1 + 6*b**2. Let o be j(-9). Calculate the highest common divisor of 5 and o.
5
Let g be (27/(-6))/((-1)/10). Suppose 2*v - g = -5. Let r = 100 - v. What is the highest common factor of 20 and r?
20
Let y = 670 - 667. Calculate the greatest common divisor of y and 3.
3
Let d be -4 - (-1 + -3) - 21/1. Let l be (d/(-6))/((-4)/(-8)). Calculate the greatest common divisor of 63 and l.
7
Suppose 0 = -15*s + 19*s - 32. Let b be (-571)/(-4) - (-2)/s. Calculate the greatest common divisor of b and 11.
11
Let n be (-8)/12*-1*-219. Let k = n - -278. Let t = -92 + k. What is the greatest common divisor of t and 20?
20
Suppose -2*m - 6*g = -g + 15, 2*m - 3*g - 9 = 0. Suppose 4*y - 166 - 54 = m. What is the greatest common divisor of y and 5?
5
Let r be ((-104)/(-10))/(14/35). Suppose 0 = -11*i + 926 + 1076. Calculate the greatest common divisor of i and r.
26
Suppose -y = z - 64, 40 = -z + 2*z - 5*y. Calculate the greatest common factor of z and 20.
20
Let w(u) = -u**2 + 34*u - 175. Let x be w(27). Calculate the greatest common factor of x and 20.
2
Let g = 0 + 2. Suppose -2*f = -5*d + 8, -2*f + 16 = -d + g*d. Suppose 0 = v + 2*j + 2*j - f, -2*v - 4*j = -16. What is the greatest common divisor of v and 90?
10
Suppose -5*u + 23 = -4*b + 94, -2*b + 2*u = -38. Suppose -b*f = -19*f - 105. What is the highest common factor of 168 and f?
21
Let h(m) = 5*m - 6. Let a(p) = 2*p - 2. Let b be a(3). Suppose 24 = -0*r + b*r. Let k be h(r). Calculate the greatest common divisor of 16 and k.
8
Let q(h) = -8*h**3 + 3*h**2 + h + 1. Let n be q(2). Let k = -8 - n. Calculate the highest common factor of 41 and k.
41
Let o = -54 + 43. Let u(w) = -w**2 - 14*w - 11. Let t be u(o). Let n = 556 - 358. What is the highest common factor of n and t?
22
Suppose 53*l + 2*x = 52*l + 16, 0 